14 + 51745361?
51745375
In base 3, what is 10 + 222222021100?
222222021110
In base 6, what is 142525 - 25434?
113051
In base 12, what is -57b91a - 41?
-57b95b
In base 16, what is -1 + -248684d?
-248684e
In base 8, what is 53 + -24046?
-23773
In base 3, what is -102022 + -2002002?
-2111101
In base 13, what is -3 - 6a3913?
-6a3916
In base 12, what is 843a9 + -17?
84392
In base 5, what is -123 + 132343144?
132343021
In base 4, what is 120 - 21122111?
-21121331
In base 10, what is -168786 + -249?
-169035
In base 14, what is -3808 + -77?
-3881
In base 12, what is -4350 + -382?
-4712
In base 7, what is -3551364633 + -4?
-3551364640
In base 3, what is 0 + -1122001020002?
-1122001020002
In base 16, what is 56a963 + -5?
56a95e
In base 15, what is -ec40bd + 5?
-ec40b8
In base 12, what is -9b3 + 17641?
1684a
In base 16, what is -1760dc4 - -7?
-1760dbd
In base 5, what is -30423031 - 21?
-30423102
In base 15, what is 296c + -6163?
-36e6
In base 16, what is -1 - 390089?
-39008a
In base 9, what is 102528206 + 5?
102528212
In base 6, what is -22342545 - 21?
-22343010
In base 9, what is 347 + -2605785?
-2605437
In base 16, what is -da72 - -22?
-da50
In base 16, what is 10c3e864 - 4?
10c3e860
In base 3, what is -10101022200020200 - 12?
-10101022200020212
In base 8, what is 553 - 741?
-166
In base 7, what is 25245120 - 0?
25245120
In base 15, what is 18313e5 + 1b?
1831411
In base 5, what is -14032223 - -40110?
-13442113
In base 3, what is -21 + 1021122112002112?
1021122112002021
In base 14, what is 3 - -dd4dc1c?
dd4dc21
In base 11, what is 1 - -94790305?
94790306
In base 8, what is -15237161 + 2?
-15237157
In base 14, what is 18 - 1584727?
-158470d
In base 14, what is 41dad3c - 3?
41dad39
In base 8, what is 31667 - 231?
31436
In base 14, what is 2094 + -5aa?
18c8
In base 15, what is -ae9 + 8bc?
-22c
In base 5, what is 2032201411343 + 1?
2032201411344
In base 11, what is -1675040 + -a?
-167504a
In base 3, what is -10221121 - 200021212?
-211020110
In base 13, what is -cb55aa7 - 5?
-cb55aac
In base 12, what is -2551 - -a997?
8446
In base 14, what is -4 - -170757ba?
170757b6
In base 14, what is 20 + 5492?
54b2
In base 6, what is -15553451 - -53?
-15553354
In base 13, what is b6814b6 - -2?
b6814b8
In base 7, what is -45022 - 364624?
-442646
In base 7, what is 332262310 + -4?
332262303
In base 4, what is -113220 + -11012122?
-11132002
In base 10, what is 51884987 - 4?
51884983
In base 3, what is -1011210200 + -11220202?
-1100201102
In base 12, what is 22a - -60b7?
6325
In base 3, what is 110001211000 - -12?
110001211012
In base 13, what is 8 - 4c5a3ac?
-4c5a3a4
In base 8, what is 315134 - -311?
315445
In base 6, what is -315 + 43124131?
43123412
In base 4, what is -13013213302011 - 22?
-13013213302033
In base 11, what is -1a72 - -5a90?
4019
In base 14, what is -4 + -765c02d?
-765c033
In base 12, what is -361493a3 + 1?
-361493a2
In base 11, what is -31a38841 + 2?
-31a3883a
In base 13, what is -1a33cc + 467?
-1a2c65
In base 13, what is -163c - -233b?
9cc
In base 14, what is -12 + 16c592?
16c580
In base 8, what is 11262 - 7520?
1542
In base 15, what is c - -19bd7?
19be4
In base 10, what is -54 + -7925024?
-7925078
In base 16, what is -359b289 - 1?
-359b28a
In base 15, what is -2 + -e121ea?
-e121ec
In base 15, what is 12b99 + b?
12ba5
In base 3, what is 111122 - 1012020220002?
-1012020101110
In base 15, what is -1909c - 499?
-19546
In base 2, what is -11100111111000001000100 - 1100?
-11100111111000001010000
In base 9, what is 183 - 6555?
-6362
In base 16, what is -17 + 111e3fc?
111e3e5
In base 9, what is 440263 - 12?
440251
In base 15, what is -126 + -3220?
-3346
In base 3, what is 10 + 20222012000?
20222012010
In base 14, what is 1 - -607c4b8?
607c4b9
In base 8, what is -4 + -1213624435?
-1213624441
In base 3, what is 111010222100 - -110?
111010222210
In base 8, what is -135214015 + 1?
-135214014
In base 3, what is -112210002011001 + 11?
-112210002010220
In base 14, what is 1963008 - -2?
196300a
In base 15, what is -2 + -226ec?
-226ee
In base 8, what is 46654 - 25156?
21476
In base 15, what is 8183ed - 0?
8183ed
In base 13, what is 38b - 3a55?
-3697
In base 8, what is 42012656 + -7?
42012647
In base 2, what is 10111110110001110 - -1110111?
10111111000000101
In base 11, what is -187 - 216a3?
-2187a
In base 8, what is -117 + 157613?
157474
In base 15, what is -1de71 - -121?
-1dd50
In base 14, what is -6612 + -289d?
-90b1
In base 13, what is 4 - 3bac262?
-3bac25b
In base 5, what is 103233 - -133004?
241242
In base 6, what is 131352 - -334112?
505504
In base 2, what is -10010111000011011110010010 - -10011?
-10010111000011011101111111
In base 9, what is 16282 - -336?
16628
In base 13, what is 2 + 2891c39?
2891c3b
In base 10, what is -6725342 + -3?
-6725345
In base 12, what is 8 + -9448a2?
-944896
In base 7, what is 4502044 + 410?
4502454
In base 2, what is -10000101010111100000011011 - -11101?
-10000101010111011111111110
In base 16, what is 135a5b + 31?
135a8c
In base 8, what is 2 - -21330750?
21330752
In base 13, what is -2 - -12746c?
12746a
In base 16, what is -183b - -54cd?
3c92
In base 3, what is 1 - -2200211101?
2200211102
In base 2, what is 1101111100101 + -1110011?
1101101110010
In base 14, what is -221d557 + 1b?
-221d53a
In base 9, what is 74383557 + -3?
74383554
In base 9, what is -4 - 2234103?
-2234107
In base 3, what is -112102011202122 - 1?
-112102011202200
In base 4, what is -11112011 - 113012?
-11231023
In base 8, what is -217 + 347524?
347305
In base 14, what is -add56d - 0?
-add56d
In base 12, what is -371141 + -7?
-371148
In base 9, what is -1 + 63818247?
63818246
In base 2, what is 10 - 10010010000101010101010100000?
-10010010000101010101010011110
In base 3, what is -1022201121 + -2000?
-1022210121
In base 14, what is 144d2c5 - d?
144d2b6
In base 14, what is 4d - 10a7c4?
-10a775
In base 9, what is -3852262231 + -1?
-3852262232
In base 12, what is 379 - -20555?
20912
In base 14, what is 5 - -10397cd?
10397d4
In base 11, what is -4 - -6411407?
6411403
In base 16, what is 277fd - 30?
277cd
In base 11, what is 3 - -186a7012?
186a7015
In base 15, what is 0 - -28939a0?
28939a0
In base 12, what is 5 + -15778a2?
-1577899
In base 10, what is -484789 - -31?
-484758
In base 11, what is 174534 - -739?
175172
In base 6, what is 502430103 + 4?
502430111
In base 7, what is -15 + -135631414?
-135631432
In base 6, what is 111514 + 201423?
313341
In base 9, what is -3 - 17883726?
-17883730
In base 11, what is -123 + -41a212?
-41a335
In base 8, what is -11 + -3212674?
-3212705
In base 13, what is -13b - 849a?
-8608
In base 8, what is -23105 + -13324?
-36431
In base 8, what is -2003 + -16407?
-20412
In base 13, what is 28a07 + -9c?
28938
In base 15, what is -18 + 468021?
468008
In base 10, what is 54 - -855838?
855892
In base 6, what is -21 - -114425250?
114425225
In base 12, what is -14a + 14ba8?
14a5a
In base 11, what is 193 - a50556?
-a50373
In base 14, what is -48c4 - -33b?
-4587
In base 16, what is -142b862f - -3?
-142b862c
In base 10, what is 4 + 66216478?
66216482
In base 5, what is -10233202112 - 3?
-10233202120
In base 8, what is -3014057472 - -1?
-3014057471
In base 4, what is -20 + 2122120322322?
2122120322302
In base 11, what is -85602 + 2118?
-83495
In base 7, what is 15623 + -13305?
2315
In base 15, what is 5 - -aea0688?
aea068d
In base 10, what is -30 + -19300805?
-19300835
In base 12, what is 104a92 + -2a?
104a64
In base 13, what is 28ca - 1094b?
-b051
In base 11, what is 4 + -37a6335?
-37a6331
In base 5, what is -31400233 + -104?
-31400342
In base 9, what is 1 - -826362?
826363
In base 14, what is -48d + 198065?
1979b6
In base 15, what is -5a2370 - -2?
-5a236d
In base 16, what is 3 - -1585917?
158591a
In base 5, what is 12 + 101003314002?
101003314014
In base 6, what is 30 - -13341315?
13341345
In base 13, what is 8bc1568 + 3?
8bc156b
In base 6, what is -205304503 + 202?
-205304301
In base 11, what is -17 - 10970238?
-10970254
In base 13, what is -5 - -2261331?
2261329
In base 16, what is 175df09 - 3?
175df06
In base 3, what is 200000202102 - -1102?
200000210211
In base 10, what is -60713 + 38?
-60675
In base 4, what is -23232030131 - -10312?
-23232013213
In base 13, what is -375132 + -266?
-375398
In base 5, what is 234 + 41011134?
41011423
In base 7, wha